144 + -243. Let s = x - -102. Suppose -97 = -s*l - i + 169, 0 = 2*l - 3*i - 192. What is the tens digit of l?
9
Let z = -20 - -13. Let i be (-5 - 1)/(z + 5). Suppose 3*s = 9, 0 = -i*h - 3*s + s + 267. What is the tens digit of h?
8
Suppose -4*u + 2*x = -2*x - 448, 4*x + 336 = 3*u. Let m = -66 + u. What is the tens digit of m?
4
Let i(d) = 493*d**2 - 3*d + 17. What is the thousands digit of i(-4)?
7
Suppose b + 359*u - 356*u - 49541 = 0, 0 = 11*b + 2*u - 545106. What is the thousands digit of b?
9
Suppose 5*q = -2*b - 3*b + 145, 0 = -b - 3*q + 27. Let p(m) = 7*m**2 - 166*m - 14. What is the hundreds digit of p(b)?
3
Let c be -89 + 1/(-4)*-4. Let l = 907 - 713. Let q = c + l. What is the units digit of q?
6
Let d = -743 - -745. Suppose 3*i + 0*o + 4*o - 1832 = 0, -2*o + 1220 = d*i. What is the units digit of i?
8
Let t(l) be the third derivative of -l**6/60 - 4*l**5/15 + l**4/8 - 19*l**2. Let d be t(-8). What is the hundreds digit of (0 + 3/(-2))/(d/2512)?
1
Suppose 8*y + 9*y + 238 = 0. Let j(n) be the second derivative of -3*n**3/2 - 29*n**2/2 - 10*n. What is the units digit of j(y)?
7
Let v be ((-55)/(-5) - 3) + -2. Suppose v*k = 289 + 2153. What is the units digit of k?
7
Let j = 39585 + -17669. What is the tens digit of j?
1
Let t(n) = 2*n**2 + 7*n - 45. Let l be t(-7). Suppose 6*i = -2*r + 3*i + 1868, -3728 = -l*r - 4*i. What is the units digit of r?
8
Let y = 199 - 179. Let p = y + 161. What is the hundreds digit of p?
1
Let d be 0*((-27)/(-6))/(-9). Suppose 5*f + 4*f + 18 = d. What is the units digit of 2 - ((-848)/f)/(-4)?
8
Let q(b) = b**2 + 3*b + 2. Let r be q(-3). Let d = -172 - -167. What is the units digit of 68 - 1 - (-1 - (r + d))?
5
Let c be (-1 + 5)/(-2)*(-4324)/(-94). What is the units digit of (c - -798) + (-1 - -3)*-1?
4
Let g(l) = l**3 + 50*l**2 + 14*l + 39. What is the thousands digit of g(-45)?
9
Let y(b) be the first derivative of -b**4/4 + 6*b**3 + 10*b**2 - 58*b + 162. What is the thousands digit of y(13)?
1
Let h(y) = -18*y**3 + 4*y**2 - 9*y + 8. Let j be h(2). What is the units digit of (-5090)/(-12) - (-23)/j?
4
Let b = -7043 + -27280. What is the hundreds digit of b/(-255) - (-2)/5?
1
Suppose 0 = -l - 3*s + 93, -l + 96 = 2*s - 0*s. Suppose -l + 2 = -10*n. Let b(w) = -w + 34. What is the tens digit of b(n)?
2
Suppose -2*t = 2*r - 18744, -3*r - 61*t + 28123 = -65*t. What is the thousands digit of r?
9
Let c(u) = -32*u + 51 - 71 + 29. What is the units digit of c(-7)?
3
Suppose 0 = -2*g + n + 29779, -44670 = 42*g - 45*g + 2*n. What is the units digit of g?
8
Suppose -3015 = 2729*q - 2734*q. What is the hundreds digit of q?
6
Suppose -71*r + 134904 - 25422 = 0. What is the thousands digit of r?
1
What is the thousands digit of (-98)/(-294)*(-3)/(-1)*39149?
9
Let d be 6686/8 + 18/(-24)*1. Suppose 7*u = d + 1958. What is the hundreds digit of u?
3
Let d be (-4332)/(-30) + 6/(-15). Suppose -6*s = -4*s - 2*p + d, 0 = -3*s + 5*p - 216. What is the units digit of (-12)/(5*(-4 + s/(-20)))?
6
Suppose -12713 = -p + 5*t, 2*t = 4*p + 7*t - 50852. What is the units digit of p?
3
What is the tens digit of ((-5)/(-3))/((-380)/(-560652))?
5
Let j = -569 - -566. What is the tens digit of (-45800)/(-150) - (1/j)/(-1)?
0
What is the units digit of 494/(7/(2079/18))?
1
Let c be (-6 + 13 - 3) + (-2740)/2. Let i = -624 - c. What is the tens digit of i?
4
Let f be 0 + 1 + (2 - 6/2). Let d(r) = 22 + 5*r - 4 + 36 - 4*r. What is the tens digit of d(f)?
5
Suppose -36*s + 111*s - 1957441 - 4755134 = 0. What is the hundreds digit of s?
5
What is the hundreds digit of 66/(-3) + (33616 - -125)?
7
Let s = 8 - 27. Let y = 22 + s. What is the units digit of 12*(84/16)/y?
1
Let k = -89 - -100. Suppose -3 + 3237 = k*f. What is the hundreds digit of f?
2
What is the hundreds digit of (-2 - (-48)/22)/1 - (-1085532)/924?
1
Suppose 82 + 218 = 12*q. Let k(t) = t**3 - 25*t**2 + 17*t - 73. What is the units digit of k(q)?
2
Let p(h) = -173*h - 24. Let y(r) = 346*r + 49. Let k(u) = 11*p(u) + 6*y(u). Let v be k(3). Suppose -42 = -3*m + v. What is the units digit of m?
7
Let i = -269 - -214. What is the units digit of ((-627)/i - 11)/(2/60)?
2
Let y(k) = -11*k**2 + 3 + 13*k + 101*k**3 + 8*k**2 - 14*k**2 - 14*k. What is the tens digit of y(2)?
4
Suppose -4*q = 5*h - 36, q - 1 - 11 = -2*h. Suppose 4*x - 27 = -z, 55 = h*x - 2*z + 13. Suppose -338 + 1018 = x*b. What is the tens digit of b?
8
Suppose 193*v - 120 = 205*v. Let w(x) be the second derivative of x**5/20 + 11*x**4/12 + x**3/3 - 9*x**2/2 + x. What is the units digit of w(v)?
1
Let m(z) be the first derivative of z**3/3 + 826*z - 11. What is the tens digit of m(0)?
2
Suppose r = 3*g + 25131, 0 = 2*r - 5*g - 34030 - 16238. What is the units digit of r?
9
Let c = 8211 + -2546. What is the hundreds digit of c?
6
Suppose 0*d - 4*d + 70132 = -5*v, 17558 = d + 5*v. What is the ten thousands digit of d?
1
Let o = -12803 - -21377. What is the units digit of o?
4
Let b(t) = -t**2 - 16*t + 402. Let i be b(0). Let g = i - 98. What is the tens digit of g?
0
Let p(m) = 135*m + 1112. What is the tens digit of p(40)?
1
Let n = -8 - -13. Suppose 3*b = 5*b + 4*u - 86, 230 = n*b - 5*u. Suppose 41 = 2*l - b. What is the tens digit of l?
4
Let x(a) = 21 + 6*a + 0 + 24. Let i be x(-7). What is the units digit of (-2*2 - -1) + 7 + i?
7
What is the hundreds digit of (-2 - 4/20)/((-3)/2445)?
7
Let p(a) be the first derivative of a**3/3 + 11*a**2/2 - 6*a - 18. Let u be p(-12). Suppose -u*w - 424 = -10*w. What is the tens digit of w?
0
Let f = -2200 - -4364. What is the hundreds digit of f?
1
What is the hundreds digit of 626370/25 + 13 - (2 + (-32)/10)?
0
Let k = -50 - -100. Let a = 5 + k. Suppose l - a - 7 = 0. What is the tens digit of l?
6
Let p = -134 - -195. Let h = p - -12. What is the units digit of h?
3
Suppose -8*l = l + 1125. Let g = 192 + l. What is the tens digit of g?
6
Let b(w) be the second derivative of -w**5/20 - 7*w**4/12 - w**3/6 - 3*w**2 + 42*w. What is the units digit of b(-7)?
1
Let z be (4 + 4)/2 + -792. Let d = -482 - z. What is the hundreds digit of d?
3
Let z(s) = 2 - 9 - 4 + s**2 - 2*s. Let i be z(-14). Let b = -102 + i. What is the tens digit of b?
1
Suppose 197*a = 194*a + 5967. Suppose -16*u + 7755 = -a. What is the hundreds digit of u?
6
Suppose -4*t - 370 = -2*x, -495 = 5*t - 0*x + 4*x. Suppose -45*w + 4848 = 72*w - 16*w. Let a = w - t. What is the hundreds digit of a?
1
Let v be (-3 - -1)*14*(3 - 4). Suppose -v*m + 16*m + 15648 = 0. What is the units digit of m?
4
Suppose 0 = 9*q - 4*q - 10. Suppose -4*m = -q*m - 1422. What is the hundreds digit of m?
7
Let z = 406 - 410. Let i(t) = -47 + 16 - 54*t - 25. What is the tens digit of i(z)?
6
Let w(v) = -v**3 - 11*v**2 - 12*v - 2. Let n be w(-12). Let l = n - -80. Suppose -104 - l = -5*f. What is the tens digit of f?
9
Suppose -10874 - 10100 = -5*g - 2*u, 5*g - 3*u - 20989 = 0. What is the tens digit of g?
9
Let o = -14632 + 41934. What is the tens digit of o?
0
Suppose -216 = -14*s - 6. Let t(v) = -v**3 + 18*v**2 - 32*v + 37. What is the units digit of t(s)?
2
Let w(n) = n**2 + 2*n - 15. Suppose 25 = -42*f + 37*f. Let g be w(f). Suppose b + 0*j = -4*j + 263, b - j - 258 = g. What is the units digit of b?
9
Let w(q) be the first derivative of 312*q**2 + 88*q - 109. What is the units digit of w(2)?
6
Let q be (-12)/(-54)*3*201. What is the units digit of (q/4)/(-8*10/(-320))?
4
Suppose 6*g = 19*g - 39. Suppose b + 2754 = 6*b + g*q, 0 = 2*b - 4*q - 1112. What is the tens digit of b?
5
Suppose 0 = 6*a - 4*a + 3*r - 91989, -10*a + 460078 = -4*r. What is the thousands digit of a?
6
Let k(x) = x**2 - x + 1. Let r(a) = -2*a**3 + 8*a**2 - 8*a + 8. Let v(s) = 14*k(s) - 2*r(s). Let b = 8 + -5. What is the tens digit of v(b)?
9
Suppose -6 = -3*o - 12, o = -l - 3. What is the hundreds digit of 0 + l/1 + 569?
5
Let w = -109 - -127. What is the hundreds digit of 14721/15 + w/(-45)?
9
Let b be 1800/(-33) + (-72)/(-132). What is the units digit of (-4210)/(-9) - 12/b?
8
Suppose c - 124 = -4*q, q + 4*c = -0*q + 46. Suppose -35 + q = -5*l. What is the units digit of (4/1)/(l/18)?
2
Let s(a) = -a**2 - 23*a + 42. Let h be s(-14). Let j be 75/2 - 1/(-2). Let p = h - j. What is the tens digit of p?
3
Let n be (28/(-16))/((-1)/(-4)). Let k(c) = -2*c**2 - c + 5. Let v(a) = 16